{"id":56,"date":"2022-08-12T09:57:04","date_gmt":"2022-08-12T09:57:04","guid":{"rendered":"https:\/\/fahrschule-schmalfeldt.de\/?page_id=56"},"modified":"2022-08-12T09:57:10","modified_gmt":"2022-08-12T09:57:10","slug":"die-pruefung","status":"publish","type":"page","link":"https:\/\/www.fahrschule-schmalfeldt.de\/?page_id=56","title":{"rendered":"Die Pr\u00fcfung"},"content":{"rendered":"\n   \n    <section id=\"carousel_925c\" class=\"u-carousel u-slide u-block-e464-1\" data-u-ride=\"carousel\" data-interval=\"5000\">\n      <ol class=\"u-absolute-hcenter u-carousel-indicators u-block-e464-2\">\n        <li data-u-target=\"#carousel_925c\" data-u-slide-to=\"0\" class=\"u-active u-grey-30\"><\/li>\n      <\/ol>\n      <div class=\"u-carousel-inner\" role=\"listbox\">\n        <div class=\"skrollable skrollable-between u-active u-align-center u-carousel-item u-clearfix u-image u-shading lazyload u-section-1-1\" src=\"\" data-image-width=\"1807\" data-image-height=\"1200\" data-bg=\"url(&quot;https:\/\/www.fahrschule-schmalfeldt.de\/wp-content\/uploads\/2022\/08\/AdobeStock_63133987.jpg&quot;)\">\n          <div class=\"u-clearfix u-sheet u-sheet-1\">\n            <h1 class=\"u-text u-text-1\">Praktische &amp; Theoretische Pr\u00fcfung<\/h1>\n          <\/div>\n        <\/div>\n      <\/div>\n      <a class=\"u-absolute-vcenter u-carousel-control u-carousel-control-prev u-text-body-alt-color u-block-e464-3\" href=\"#carousel_925c\" role=\"button\" data-u-slide=\"prev\">\n        <span aria-hidden=\"true\">\n          <svg viewBox=\"0 0 477.175 477.175\"><path d=\"M145.188,238.575l215.5-215.5c5.3-5.3,5.3-13.8,0-19.1s-13.8-5.3-19.1,0l-225.1,225.1c-5.3,5.3-5.3,13.8,0,19.1l225.1,225\n                    c2.6,2.6,6.1,4,9.5,4s6.9-1.3,9.5-4c5.3-5.3,5.3-13.8,0-19.1L145.188,238.575z\"><\/path><\/svg>\n        <\/span>\n        <span class=\"sr-only\">Previous<\/span>\n      <\/a>\n      <a class=\"u-absolute-vcenter u-carousel-control u-carousel-control-next u-text-body-alt-color u-block-e464-4\" href=\"#carousel_925c\" role=\"button\" data-u-slide=\"next\">\n        <span aria-hidden=\"true\">\n          <svg viewBox=\"0 0 477.175 477.175\"><path d=\"M360.731,229.075l-225.1-225.1c-5.3-5.3-13.8-5.3-19.1,0s-5.3,13.8,0,19.1l215.5,215.5l-215.5,215.5\n                    c-5.3,5.3-5.3,13.8,0,19.1c2.6,2.6,6.1,4,9.5,4c3.4,0,6.9-1.3,9.5-4l225.1-225.1C365.931,242.875,365.931,234.275,360.731,229.075z\"><\/path><\/svg>\n        <\/span>\n        <span class=\"sr-only\">Next<\/span>\n      <\/a>\n    <\/section>\n    <section class=\"u-clearfix u-palette-3-base u-section-2\" id=\"sec-a955\">\n      <div class=\"u-clearfix u-sheet u-sheet-1\"><\/div>\n    <\/section>\n    <section class=\"u-align-center u-clearfix u-grey-5 u-section-3\" id=\"carousel_01c1\">\n      <div class=\"u-clearfix u-sheet u-sheet-1\">\n        <h1 class=\"u-text u-text-1\" data-animation-name=\"customAnimationIn\" data-animation-duration=\"1000\">Die Fahrsch\u00fcler App<\/h1>\n        <p class=\"u-text u-text-2\"> Es geht los mit dem F\u00fchrerschein? B\u00fcffeln f\u00fcr die theoretische Pr\u00fcfung, Fahrpraxis f\u00fcr die praktische Pr\u00fcfung sammeln, Termine und Zahlungen organisieren - ganz sch\u00f6n stressig.Deswegen: Gleich zu Beginn die Fahrsch\u00fcler-App installieren. Die App hilft Ihnen bei allem, was Sie zum F\u00fchrerschein wissen m\u00fcssen.&nbsp;Jetzt im&nbsp;<a href=\"https:\/\/play.google.com\/store\/apps\/details?id=de.tuevnord.android.fahrschuelerservice\" target=\"_blank\" class=\"u-active-none u-border-none u-btn u-button-style u-hover-none u-none u-text-palette-1-base u-btn-1\">Google Play<\/a>&nbsp;oder&nbsp;<a href=\"https:\/\/apps.apple.com\/de\/app\/fahrsch%C3%BCler-app\/id1520360552\" target=\"_blank\" class=\"u-active-none u-border-none u-btn u-button-style u-hover-none u-none u-text-palette-1-base u-btn-2\">Apple Store<\/a>&nbsp;downloaden!\n        <\/p><span class=\"u-file-icon u-icon u-icon-1\" data-href=\"https:\/\/play.google.com\/store\/apps\/details?id=de.tuevnord.android.fahrschuelerservice\" data-target=\"_blank\" data-animation-name=\"customAnimationIn\" data-animation-duration=\"1000\"><img decoding=\"async\" src=\"https:\/\/www.fahrschule-schmalfeldt.de\/wp-content\/uploads\/2022\/08\/300218.png\" alt=\"\"><\/span><span class=\"u-file-icon u-icon u-icon-2\" data-href=\"https:\/\/apps.apple.com\/de\/app\/fahrsch%C3%BCler-app\/id1520360552\" data-target=\"_blank\" data-animation-name=\"customAnimationIn\" data-animation-duration=\"1000\"><img decoding=\"async\" src=\"https:\/\/www.fahrschule-schmalfeldt.de\/wp-content\/uploads\/2022\/08\/5977575.png\" alt=\"\"><\/span>\n        <div class=\"u-border-10 u-border-palette-3-base u-expanded-width u-line u-line-horizontal u-line-1\"><\/div>\n      <\/div>\n    <\/section>\n    <section class=\"u-clearfix u-section-4\" id=\"carousel_d940\">\n      <div class=\"u-clearfix u-expanded-width-lg u-expanded-width-xl u-layout-wrap u-layout-wrap-1\">\n        <div class=\"u-layout\">\n          <div class=\"u-layout-row\">\n            <div class=\"u-size-30\">\n              <div class=\"u-layout-row\">\n                <div class=\"u-container-style u-layout-cell u-palette-5-dark-3 u-size-60 u-layout-cell-1\">\n                  <div class=\"u-container-layout u-container-layout-1\">\n                    <h2 class=\"u-align-center u-custom-font u-font-montserrat u-text u-text-1\" data-animation-name=\"pulse\" data-animation-duration=\"1000\" data-animation-direction=\"\">Was kann die App ?<\/h2>\n                    <ul class=\"u-align-left u-text u-text-2\" data-animation-name=\"customAnimationIn\" data-animation-duration=\"1000\" data-animation-direction=\"\">\n                      <li>\n                        <span style=\"font-size: 1.125rem;\"> Ablauf der Pr\u00fcfungen: Wie laufen die theoretische und praktische Pr\u00fcfung eigentlich ab? Wie kann ich mich am besten vorbereiten?<\/span>\n                      <\/li>\n                      <li>\n                        <span style=\"font-size: 1.125rem;\">\n                          <br>\n                        <\/span>\n                      <\/li>\n                      <li>\n                        <span style=\"font-size: 1.125rem;\">Termine: Wann sind noch mal meine Pr\u00fcfungstermine und wo genau muss ich hin?<\/span>\n                      <\/li>\n                      <li>\n                        <span style=\"font-size: 1.125rem;\">\n                          <br>\n                        <\/span>\n                      <\/li>\n                      <li>\n                        <span style=\"font-size: 1.125rem;\">Zahlungen: An wen \u00fcberweise ich welche Betr\u00e4ge?<\/span>\n                      <\/li>\n                    <\/ul><span class=\"u-file-icon u-icon u-icon-1\" data-animation-name=\"customAnimationIn\" data-animation-duration=\"1000\"><img decoding=\"async\" src=\"https:\/\/www.fahrschule-schmalfeldt.de\/wp-content\/uploads\/2022\/08\/7485670.png\" alt=\"\"><\/span>\n                  <\/div>\n                <\/div>\n              <\/div>\n            <\/div>\n            <div class=\"u-size-30\">\n              <div class=\"u-layout-col\">\n                <div class=\"u-container-style u-image u-layout-cell u-size-30 lazyload u-image-1\" data-image-width=\"1800\" data-image-height=\"1200\" data-bg=\"url(&quot;https:\/\/www.fahrschule-schmalfeldt.de\/wp-content\/uploads\/2022\/08\/AdobeStock_48278286.jpg&quot;)\">\n                  <div class=\"u-container-layout u-container-layout-2\"><\/div>\n                <\/div>\n                <div class=\"u-align-center u-container-style u-grey-5 u-layout-cell u-size-30 u-layout-cell-3\">\n                  <div class=\"u-container-layout u-valign-middle u-container-layout-3\">\n                    <h4 class=\"u-custom-font u-font-montserrat u-text u-text-default u-text-3\" data-animation-name=\"customAnimationIn\" data-animation-duration=\"1000\"> effective trainings<\/h4>\n                    <p class=\"u-heading-font u-text u-text-4\" data-animation-name=\"customAnimationIn\" data-animation-duration=\"1000\"> Besonders wichtig f\u00fcr die Zeit nach der Pr\u00fcfung: Die Bewertung Ihrer Fahrkompetenz, was besonders gut lief und wo Sie noch nachbessern k\u00f6nnen, k\u00f6nnen Sie hier jederzeit einsehen.&nbsp;Alles aus einer Hand, immer dabei in der Hosentasche. Runterladen, mit der E-Mail anmelden und los geht\u2018s.<\/p>\n                  <\/div>\n                <\/div>\n              <\/div>\n            <\/div>\n          <\/div>\n        <\/div>\n      <\/div>\n    <\/section>\n    <section class=\"u-clearfix u-grey-5 u-section-5\" id=\"carousel_c69f\">\n      <div class=\"u-clearfix u-sheet u-sheet-1\">\n        <div class=\"u-clearfix u-expanded-width u-layout-wrap u-layout-wrap-1\">\n          <div class=\"u-layout\">\n            <div class=\"u-layout-row\">\n              <div class=\"u-container-style u-layout-cell u-size-30 u-layout-cell-1\">\n                <div class=\"u-container-layout u-valign-top u-container-layout-1\">\n                  <h2 class=\"u-align-center u-custom-font u-font-open-sans u-text u-text-1\">Ihre Theoretische Pr\u00fcfung<\/h2>\n                  <p class=\"u-align-left u-custom-font u-font-open-sans u-text u-text-2\"> Informationen zur Ihrer \u201etheoretischen\u201c&nbsp;finden Sie hier, zum Beispiel:<br>\n                    <br>\n                  <\/p>\n                  <ul class=\"u-align-left u-text u-text-3\">\n                    <li>\n                      <span style=\"font-size: 1.125rem;\"> Welche Unterlagen von der Fahrschule muss ich mitnehmen?<\/span>\n                    <\/li>\n                    <li>\n                      <span style=\"font-size: 1.125rem;\">Wie genau l\u00e4uft eine theoretische Pr\u00fcfung beim T\u00dcV ab?<\/span>\n                    <\/li>\n                    <li>\n                      <span style=\"font-size: 1.125rem;\">Wie Sie mit Videoszenen in der Pr\u00fcfung umgehen m\u00fcssen.<\/span>\n                    <\/li>\n                    <li>\n                      <span style=\"font-size: 1.125rem;\">F\u00fchrerschein-Quiz zur Vorbereitung.<\/span>\n                    <\/li>\n                  <\/ul>\n                  <p class=\"u-align-left u-custom-font u-font-open-sans u-text u-text-4\"> Au\u00dferdem erfahren Sie, wie es nach bestandener und nicht bestandener Pr\u00fcfung auf Ihrem Weg zum F\u00fchrerschein weitergeht.<br>\n                    <br>\n                  <\/p>\n                <\/div>\n              <\/div>\n              <div class=\"u-align-left u-container-style u-layout-cell u-size-30 u-white u-layout-cell-2\">\n                <div class=\"u-container-layout u-valign-middle-lg u-valign-middle-md u-valign-middle-sm u-valign-middle-xs u-container-layout-2\">\n                  <img class=\"u-image u-image-default lazyload u-image-1\" alt=\"\" data-image-width=\"741\" data-image-height=\"1050\" data-animation-name=\"customAnimationIn\" data-animation-duration=\"1000\" data-src=\"https:\/\/www.fahrschule-schmalfeldt.de\/wp-content\/uploads\/2022\/08\/TUV_Theoretische_Pruefung.jpg\">\n                <\/div>\n              <\/div>\n            <\/div>\n          <\/div>\n        <\/div>\n      <\/div>\n    <\/section>\n    <section class=\"u-clearfix u-grey-5 u-section-6\" id=\"carousel_6617\">\n      <div class=\"u-clearfix u-sheet u-sheet-1\">\n        <div class=\"u-clearfix u-expanded-width u-layout-wrap u-layout-wrap-1\">\n          <div class=\"u-layout\">\n            <div class=\"u-layout-row\">\n              <div class=\"u-container-style u-layout-cell u-size-30 u-layout-cell-1\">\n                <div class=\"u-container-layout u-valign-top u-container-layout-1\">\n                  <h2 class=\"u-align-center u-custom-font u-font-open-sans u-text u-text-1\">Ihre Praktische Pr\u00fcfung<\/h2>\n                  <p class=\"u-align-left u-custom-font u-font-open-sans u-text u-text-2\"> Informationen zur Ihrer \u201epraktischen\u201c&nbsp; finden Sie hier, zum Beispiel:<br>\n                    <br>\n                  <\/p>\n                  <ul class=\"u-align-left u-text u-text-3\">\n                    <li>\n                      <span style=\"font-size: 1.125rem;\"><\/span>\n                      <span style=\"font-size: 1.125rem;\">Welche Unterlagen ben\u00f6tige ich am Pr\u00fcfungstag?<\/span>\n                    <\/li>\n                    <li>\n                      <span style=\"font-size: 1.125rem;\"> Welche Aufgaben kommen in jeder Pr\u00fcfung vor?<\/span>\n                    <\/li>\n                    <li>\n                      <span style=\"font-size: 1.125rem;\"> Wie kann ich mich am besten vorbereiten?<\/span>\n                    <\/li>\n                    <li>\n                      <span style=\"font-size: 1.125rem;\"><\/span>\n                      <span style=\"font-size: 1.125rem;\">Was muss ich am Pr\u00fcfungstag beachten?<\/span>\n                    <\/li>\n                  <\/ul>\n                  <p class=\"u-align-left u-custom-font u-font-open-sans u-text u-text-4\"> Nach der Pr\u00fcfung: Im Anschluss an die Pr\u00fcfung das Feedback des Pr\u00fcfenden zu behalten ist schwer. Deswegen k\u00f6nnen Sie ab sofort jederzeit in der Fahrsch\u00fcler-App nachsehen, in welchen Bereichen Sie besonders gut unterwegs waren und auf welche Aspekte Sie in Zukunft verst\u00e4rkt achten sollten, um sicher am Stra\u00dfenverkehr teilzunehmen.&nbsp;<br>\n                    <br>\n                  <\/p>\n                <\/div>\n              <\/div>\n              <div class=\"u-align-left u-container-style u-layout-cell u-size-30 u-white u-layout-cell-2\">\n                <div class=\"u-container-layout u-valign-middle-lg u-valign-middle-md u-container-layout-2\">\n                  <img class=\"u-image u-image-default lazyload u-image-1\" alt=\"\" data-image-width=\"741\" data-image-height=\"1050\" data-animation-name=\"customAnimationIn\" data-animation-duration=\"1000\" data-src=\"https:\/\/www.fahrschule-schmalfeldt.de\/wp-content\/uploads\/2022\/08\/TUV_Praktische_Pruefung.jpg\">\n                <\/div>\n              <\/div>\n            <\/div>\n          <\/div>\n        <\/div>\n      <\/div>\n    <\/section>\n    <section class=\"u-align-center u-clearfix u-grey-5 u-section-7\" id=\"carousel_3600\">\n      <div class=\"u-clearfix u-sheet u-sheet-1\">\n        <h3 class=\"u-custom-font u-font-montserrat u-text u-text-1\">Mehr Infos findet Ihr auf der Seite des T\u00dcV Nord<\/h3>\n        <a href=\"https:\/\/www.tuev-nord.de\/de\/privatkunden\/verkehr\/fuehrerschein\/fahrschueler-app\/?gclid=Cj0KCQjw4PKTBhD8ARIsAHChzRIDi8thsaFlf8r9BHBOphWa8LUx7kDwYExX1j8B8RvNklGIF5wvCuMaAqqzEALw_wcB\" class=\"u-black u-border-2 u-border-active-black u-border-black u-border-hover-black u-btn u-button-style u-hover-white u-text-active-black u-btn-1\" target=\"_blank\">Zum T\u00dcV Nord<\/a>\n        <img class=\"u-image u-image-default lazyload u-image-1\" alt=\"\" data-image-width=\"486\" data-image-height=\"488\" data-href=\"https:\/\/www.tuev-nord.de\/de\/privatkunden\/verkehr\/fuehrerschein\/fahrschueler-app\/?gclid=Cj0KCQjw4PKTBhD8ARIsAHChzRIDi8thsaFlf8r9BHBOphWa8LUx7kDwYExX1j8B8RvNklGIF5wvCuMaAqqzEALw_wcB\" data-target=\"_blank\" data-src=\"https:\/\/www.fahrschule-schmalfeldt.de\/wp-content\/uploads\/2022\/08\/App_Icon.png\">\n        <div class=\"u-border-10 u-border-palette-3-base u-expanded-width u-line u-line-horizontal u-line-1\"><\/div>\n      <\/div>\n    <\/section>\n    <section class=\"u-black u-clearfix u-section-8\" id=\"sec-5fcf\">\n      <div class=\"u-expanded-width u-list u-list-1\">\n        <div class=\"u-repeater u-repeater-1\">\n          <div class=\"u-black u-border-2 u-border-white u-container-style u-list-item u-repeater-item u-list-item-1\">\n            <div class=\"u-container-layout u-similar-container u-valign-bottom u-container-layout-1\"><span class=\"u-file-icon u-hover-feature u-icon u-icon-1\" data-animation-name=\"zoomIn\" data-animation-duration=\"1000\" data-animation-direction=\"\" data-animation-out=\"1\"><img decoding=\"async\" src=\"https:\/\/www.fahrschule-schmalfeldt.de\/wp-content\/uploads\/2022\/08\/8320627d.png\" alt=\"\"><\/span>\n              <a href=\"https:\/\/fahrschule-schmalfeldt.de\/?page_id=54\" class=\"u-btn u-button-style u-btn-1\">Zur Klasse<br>B \/ BF17\n              <\/a>\n            <\/div>\n          <\/div>\n          <div class=\"u-black u-border-2 u-border-white u-container-style u-list-item u-repeater-item u-list-item-2\">\n            <div class=\"u-container-layout u-similar-container u-valign-bottom u-container-layout-2\"><span class=\"u-file-icon u-hover-feature u-icon u-icon-2\" data-animation-out=\"1\" data-animation-name=\"zoomIn\" data-animation-duration=\"1000\" data-animation-direction=\"\"><img decoding=\"async\" src=\"https:\/\/www.fahrschule-schmalfeldt.de\/wp-content\/uploads\/2022\/08\/7fb20116.png\" alt=\"\"><\/span>\n              <a href=\"https:\/\/fahrschule-schmalfeldt.de\/?page_id=52\" class=\"u-btn u-button-style u-btn-2\">Zur Klasse<br>BE \/ B96\n              <\/a>\n            <\/div>\n          <\/div>\n          <div class=\"u-black u-border-2 u-border-white u-container-style u-list-item u-repeater-item u-list-item-3\">\n            <div class=\"u-container-layout u-similar-container u-valign-bottom u-container-layout-3\"><span class=\"u-file-icon u-hover-feature u-icon u-icon-3\" data-animation-out=\"1\" data-animation-name=\"zoomIn\" data-animation-duration=\"1000\" data-animation-direction=\"\"><img decoding=\"async\" src=\"https:\/\/www.fahrschule-schmalfeldt.de\/wp-content\/uploads\/2022\/08\/6804c430.png\" alt=\"\"><\/span>\n              <a href=\"https:\/\/fahrschule-schmalfeldt.de\/?page_id=58\" class=\"u-btn u-button-style u-btn-3\"> Zur Klasse<br>AM\n              <\/a>\n            <\/div>\n          <\/div>\n          <div class=\"u-black u-border-2 u-border-white u-container-style u-list-item u-repeater-item u-list-item-4\">\n            <div class=\"u-container-layout u-similar-container u-valign-bottom u-container-layout-4\"><span class=\"u-file-icon u-hover-feature u-icon u-icon-4\" data-animation-out=\"1\" data-animation-name=\"zoomIn\" data-animation-duration=\"1000\" data-animation-direction=\"\"><img decoding=\"async\" src=\"https:\/\/www.fahrschule-schmalfeldt.de\/wp-content\/uploads\/2022\/08\/973acb10.png\" alt=\"\"><\/span>\n              <a href=\"https:\/\/fahrschule-schmalfeldt.de\/?page_id=53\" class=\"u-btn u-button-style u-btn-4\"> Zur Klasse<br>A1 \/ A2 \/ A \/ B196\n              <\/a>\n            <\/div>\n          <\/div>\n          <div class=\"u-black u-border-2 u-border-white u-container-style u-list-item u-repeater-item u-list-item-5\">\n            <div class=\"u-container-layout u-similar-container u-valign-bottom u-container-layout-5\"><span class=\"u-file-icon u-hover-feature u-icon u-icon-5\" data-animation-out=\"1\" data-animation-name=\"zoomIn\" data-animation-duration=\"1000\" data-animation-direction=\"\"><img decoding=\"async\" src=\"https:\/\/www.fahrschule-schmalfeldt.de\/wp-content\/uploads\/2022\/08\/091a923c.png\" alt=\"\"><\/span>\n              <a href=\"https:\/\/fahrschule-schmalfeldt.de\/?page_id=57\" class=\"u-btn u-button-style u-btn-5\"> Zur Klasse<br>C1 \/ C1E \/ C \/ CE\n              <\/a>\n            <\/div>\n          <\/div>\n          <div class=\"u-black u-border-2 u-border-white u-container-style u-list-item u-repeater-item u-list-item-6\">\n            <div class=\"u-container-layout u-similar-container u-valign-bottom u-container-layout-6\"><span class=\"u-file-icon u-hover-feature u-icon u-icon-6\" data-animation-out=\"1\" data-animation-name=\"zoomIn\" data-animation-duration=\"1000\" data-animation-direction=\"\"><img decoding=\"async\" src=\"https:\/\/www.fahrschule-schmalfeldt.de\/wp-content\/uploads\/2022\/08\/d21d518e.png\" alt=\"\"><\/span>\n              <a href=\"https:\/\/fahrschule-schmalfeldt.de\/?page_id=50\" class=\"u-btn u-button-style u-btn-6\">Zur Klasse<br>L \/ T\n              <\/a>\n            <\/div>\n          <\/div>\n        <\/div>\n      <\/div>\n      \n      \n      \n      \n      \n      \n    <\/section>\n    \n    \n    \n    \n  \n","protected":false},"excerpt":{"rendered":"<p>Praktische &amp; Theoretische Pr\u00fcfung Previous Next Die Fahrsch\u00fcler App Es geht los mit dem F\u00fchrerschein? B\u00fcffeln f\u00fcr die theoretische Pr\u00fcfung, Fahrpraxis f\u00fcr die praktische Pr\u00fcfung sammeln, Termine und Zahlungen organisieren &#8211; ganz sch\u00f6n stressig.Deswegen: Gleich zu Beginn die Fahrsch\u00fcler-App installieren. Die App hilft Ihnen bei allem, was Sie zum F\u00fchrerschein wissen m\u00fcssen.&nbsp;Jetzt im&nbsp;Google Play&nbsp;oder&nbsp;Apple Store&nbsp;downloaden! &hellip; <a href=\"https:\/\/www.fahrschule-schmalfeldt.de\/?page_id=56\" class=\"more-link\">Continue reading<span class=\"screen-reader-text\"> &#8222;Die Pr\u00fcfung&#8220;<\/span><\/a><\/p>\n","protected":false},"author":1,"featured_media":0,"parent":0,"menu_order":11,"comment_status":"closed","ping_status":"closed","template":"","meta":{"footnotes":""},"class_list":["post-56","page","type-page","status-publish","hentry"],"_links":{"self":[{"href":"https:\/\/www.fahrschule-schmalfeldt.de\/index.php?rest_route=\/wp\/v2\/pages\/56","targetHints":{"allow":["GET"]}}],"collection":[{"href":"https:\/\/www.fahrschule-schmalfeldt.de\/index.php?rest_route=\/wp\/v2\/pages"}],"about":[{"href":"https:\/\/www.fahrschule-schmalfeldt.de\/index.php?rest_route=\/wp\/v2\/types\/page"}],"author":[{"embeddable":true,"href":"https:\/\/www.fahrschule-schmalfeldt.de\/index.php?rest_route=\/wp\/v2\/users\/1"}],"replies":[{"embeddable":true,"href":"https:\/\/www.fahrschule-schmalfeldt.de\/index.php?rest_route=%2Fwp%2Fv2%2Fcomments&post=56"}],"version-history":[{"count":1,"href":"https:\/\/www.fahrschule-schmalfeldt.de\/index.php?rest_route=\/wp\/v2\/pages\/56\/revisions"}],"predecessor-version":[{"id":77,"href":"https:\/\/www.fahrschule-schmalfeldt.de\/index.php?rest_route=\/wp\/v2\/pages\/56\/revisions\/77"}],"wp:attachment":[{"href":"https:\/\/www.fahrschule-schmalfeldt.de\/index.php?rest_route=%2Fwp%2Fv2%2Fmedia&parent=56"}],"curies":[{"name":"wp","href":"https:\/\/api.w.org\/{rel}","templated":true}]}}