{"id":47,"date":"2022-08-12T09:56:55","date_gmt":"2022-08-12T09:56:55","guid":{"rendered":"https:\/\/fahrschule-schmalfeldt.de\/?page_id=47"},"modified":"2022-08-12T09:57:07","modified_gmt":"2022-08-12T09:57:07","slug":"impressum","status":"publish","type":"page","link":"https:\/\/www.fahrschule-schmalfeldt.de\/?page_id=47","title":{"rendered":"Impressum"},"content":{"rendered":"\n   \n    <section class=\"u-align-center u-clearfix u-section-1\" id=\"carousel_91c7\">\n      <div class=\"u-align-left u-clearfix u-sheet u-sheet-1\">\n        <h1 class=\"u-text u-text-1\">Impressum<\/h1>\n        <p class=\"u-text u-text-2\"> Angaben gem\u00e4\u00df \u00a7 5 TMG:<br>Fahrschule Jens Schmalfeldt<br>Waldweg 13<br>49757 Werlte<br>Vertreten durch:Jens Schmalfeldt<br>\n          <br>Kontakt:Telefon:05951-99 44 322<br>Telefax:05951-4451<br>EMail:<a href=\"mailto:info@fahrschule-schmalfeldt.de\" class=\"u-active-none u-border-none u-btn u-button-style u-hover-none u-none u-text-palette-1-base u-btn-1\">info@fahrschule-schmalfeldt.de<\/a>\n          <br>\n          <br>\n          <br>Technische Realisierung<br>IT Plaggenborg<br>www.it-plaggenborg.de<br>\n          <br>\n          <br>Verantwortlich f\u00fcr den Inhalt nach \u00a7 55 Abs. 2 RStV:Jens Schmalfeldt<br>\n          <br>Die Europ\u00e4ische Kommission stellt eine Plattform zur Online-Streitbeilegung (OS) bereit:&nbsp;<a href=\"http:\/\/ec.europa.eu\/consumers\/odr\" class=\"u-active-none u-border-none u-btn u-button-style u-hover-none u-none u-text-palette-1-base u-btn-2\">http:\/\/ec.europa.eu\/consumers\/odr<\/a>\n          <br>Unsere E-MailAdresse finden Sie oben im Impressum.&nbsp;<br>\n          <br>\n          <br>Quellenangaben f\u00fcr die verwendeten Bilder und Grafiken:<br>Adobe Stock - 484448074 <br>Street Sign NEW LIFE - Von Thomas Reimer <br>\n          <br>Adobe Stock - 63133987 <br>F\u00fchrerschein_Fahrpr\u00fcfung - Von Sauerlandpics <br>\n          <br>Adobe Stock - 421716453 <br>Close-up of tractor headlight - Von scharfsinn86 <br>\n          <br>Adobe Stock - 83066198 <br>semi truck on road - Von gilles lougassi <br>\n          <br>Adobe Stock - 295482088 <br>Couple riding motor scooter on road at sunset. - Von luckybusiness <br>\n          <br>Adobe Stock - 265036092 <br>Car with a Trailer moves on a country road - Von Yuri Bizgaimer <br>\n          <br>Adobe Stock - 158651356 <br>Fahrschule Fragebogen mit F\u00fchrerschein und Autoschl\u00fcssel - Von Sauerlandpics <br>\n          <br>Adobe Stock - 68900572 <br>Junge Motorradfahrerin - Von Volker Witt <br>\n          <br>Adobe Stock - 48278286 <br>Attraktive junge Frau im Auto zeigt Daumen hoch - Von Kaesler Media<br>\n          <br>App_Icon vom T\u00dcV Nord<br>\n          <br>\n          <br>Die Europ\u00e4ische Kommission stellt eine Plattform zur Online-Streitbeilegung (OS) bereit:&nbsp;<a href=\"https:\/\/ec.europa.eu\/consumers\/odr\" target=\"_blank\" rel=\"noopener\" class=\"u-active-none u-border-none u-btn u-button-style u-hover-none u-none u-text-palette-1-base u-btn-3\">https:\/\/ec.europa.eu\/consumers\/odr<\/a>\n          <br>Unsere E-Mail-Adresse finden Sie oben im Impressum.Wir sind nicht bereit oder verpflichtet, an Streitbeilegungsverfahren vor einer Verbraucherschlichtungsstelle teilzunehmen.Haftung f\u00fcr InhalteAls Diensteanbieter sind wir gem\u00e4\u00df \u00a7 7 Abs.1 TMG f\u00fcr eigene Inhalte auf diesen Seiten nach den allgemeinen Gesetzen verantwortlich. Nach \u00a7\u00a7 8 bis 10 TMG sind wir als Diensteanbieter jedoch nicht verpflichtet, \u00fcbermittelte oder gespeicherte fremde Informationen zu \u00fcberwachen oder nach Umst\u00e4nden zu forschen, die auf eine rechtswidrige T\u00e4tigkeit hinweisen.Verpflichtungen zur Entfernung oder Sperrung der Nutzung von Informationen nach den allgemeinen Gesetzen bleiben hiervon unber\u00fchrt. Eine diesbez\u00fcgliche Haftung ist jedoch erst ab dem Zeitpunkt der Kenntnis einer konkreten Rechtsverletzung m\u00f6glich. Bei Bekanntwerden von entsprechenden Rechtsverletzungen werden wir diese Inhalte umgehend entfernen.Haftung f\u00fcr LinksUnser Angebot enth\u00e4lt Links zu externen Websites Dritter, auf deren Inhalte wir keinen Einfluss haben. Deshalb k\u00f6nnen wir f\u00fcr diese fremden Inhalte auch keine Gew\u00e4hr \u00fcbernehmen. F\u00fcr die Inhalte der verlinkten Seiten ist stets der jeweilige Anbieter oder Betreiber der Seiten verantwortlich. Die verlinkten Seiten wurden zum Zeitpunkt der Verlinkung auf m\u00f6gliche Rechtsverst\u00f6\u00dfe \u00fcberpr\u00fcft. Rechtswidrige Inhalte waren zum Zeitpunkt der Verlinkung nicht erkennbar.Eine permanente inhaltliche Kontrolle der verlinkten Seiten ist jedoch ohne konkrete Anhaltspunkte einer Rechtsverletzung nicht zumutbar. Bei Bekanntwerden von Rechtsverletzungen werden wir derartige Links umgehend entfernen.UrheberrechtDie durch die Seitenbetreiber erstellten Inhalte und Werke auf diesen Seiten unterliegen dem deutschen Urheberrecht. Die Vervielf\u00e4ltigung, Bearbeitung, Verbreitung und jede Art der Verwertung au\u00dferhalb der Grenzen des Urheberrechtes bed\u00fcrfen der schriftlichen Zustimmung des jeweiligen Autors bzw. Erstellers. Downloads und Kopien dieser Seite sind nur f\u00fcr den privaten, nicht kommerziellen Gebrauch gestattet.Soweit die Inhalte auf dieser Seite nicht vom Betreiber erstellt wurden, werden die Urheberrechte Dritter beachtet. Insbesondere werden Inhalte Dritter als solche gekennzeichnet. Sollten Sie trotzdem auf eine Urheberrechtsverletzung aufmerksam werden, bitten wir um einen entsprechenden Hinweis. Bei Bekanntwerden von Rechtsverletzungen werden wir derartige Inhalte umgehend entfernen.<br>\n          <br>\n          <br>Quelle:&nbsp;<a href=\"https:\/\/www.erecht24.de\/impressum-generator.html\" class=\"u-active-none u-border-none u-btn u-button-style u-hover-none u-none u-text-palette-1-base u-btn-4\">https:\/\/www.e-recht24.de\/impressum-generator.html<\/a>\n        <\/p>\n      <\/div>\n    <\/section>\n    <section class=\"u-clearfix u-palette-3-base u-section-2\" id=\"sec-a955\">\n      <div class=\"u-clearfix u-sheet u-sheet-1\"><\/div>\n    <\/section>\n    <section class=\"u-black u-clearfix u-section-3\" id=\"sec-5fcf\">\n      <div class=\"u-expanded-width u-list u-list-1\">\n        <div class=\"u-repeater u-repeater-1\">\n          <div class=\"u-black u-border-2 u-border-white u-container-style u-list-item u-repeater-item u-list-item-1\">\n            <div class=\"u-container-layout u-similar-container u-valign-bottom u-container-layout-1\"><span class=\"u-file-icon u-hover-feature u-icon u-icon-1\" data-animation-name=\"zoomIn\" data-animation-duration=\"1000\" data-animation-direction=\"\" data-animation-out=\"1\"><img decoding=\"async\" src=\"https:\/\/www.fahrschule-schmalfeldt.de\/wp-content\/uploads\/2022\/08\/8320627d.png\" alt=\"\"><\/span>\n              <a href=\"https:\/\/fahrschule-schmalfeldt.de\/?page_id=54\" class=\"u-btn u-button-style u-btn-1\">Zur Klasse<br>B \/ BF17\n              <\/a>\n            <\/div>\n          <\/div>\n          <div class=\"u-black u-border-2 u-border-white u-container-style u-list-item u-repeater-item u-list-item-2\">\n            <div class=\"u-container-layout u-similar-container u-valign-bottom u-container-layout-2\"><span class=\"u-file-icon u-hover-feature u-icon u-icon-2\" data-animation-out=\"1\" data-animation-name=\"zoomIn\" data-animation-duration=\"1000\" data-animation-direction=\"\"><img decoding=\"async\" src=\"https:\/\/www.fahrschule-schmalfeldt.de\/wp-content\/uploads\/2022\/08\/7fb20116.png\" alt=\"\"><\/span>\n              <a href=\"https:\/\/fahrschule-schmalfeldt.de\/?page_id=52\" class=\"u-btn u-button-style u-btn-2\">Zur Klasse<br>BE \/ B96\n              <\/a>\n            <\/div>\n          <\/div>\n          <div class=\"u-black u-border-2 u-border-white u-container-style u-list-item u-repeater-item u-list-item-3\">\n            <div class=\"u-container-layout u-similar-container u-valign-bottom u-container-layout-3\"><span class=\"u-file-icon u-hover-feature u-icon u-icon-3\" data-animation-out=\"1\" data-animation-name=\"zoomIn\" data-animation-duration=\"1000\" data-animation-direction=\"\"><img decoding=\"async\" src=\"https:\/\/www.fahrschule-schmalfeldt.de\/wp-content\/uploads\/2022\/08\/6804c430.png\" alt=\"\"><\/span>\n              <a href=\"https:\/\/fahrschule-schmalfeldt.de\/?page_id=58\" class=\"u-btn u-button-style u-btn-3\"> Zur Klasse<br>AM\n              <\/a>\n            <\/div>\n          <\/div>\n          <div class=\"u-black u-border-2 u-border-white u-container-style u-list-item u-repeater-item u-list-item-4\">\n            <div class=\"u-container-layout u-similar-container u-valign-bottom u-container-layout-4\"><span class=\"u-file-icon u-hover-feature u-icon u-icon-4\" data-animation-out=\"1\" data-animation-name=\"zoomIn\" data-animation-duration=\"1000\" data-animation-direction=\"\"><img decoding=\"async\" src=\"https:\/\/www.fahrschule-schmalfeldt.de\/wp-content\/uploads\/2022\/08\/973acb10.png\" alt=\"\"><\/span>\n              <a href=\"https:\/\/fahrschule-schmalfeldt.de\/?page_id=53\" class=\"u-btn u-button-style u-btn-4\"> Zur Klasse<br>A1 \/ A2 \/ A \/ B196\n              <\/a>\n            <\/div>\n          <\/div>\n          <div class=\"u-black u-border-2 u-border-white u-container-style u-list-item u-repeater-item u-list-item-5\">\n            <div class=\"u-container-layout u-similar-container u-valign-bottom u-container-layout-5\"><span class=\"u-file-icon u-hover-feature u-icon u-icon-5\" data-animation-out=\"1\" data-animation-name=\"zoomIn\" data-animation-duration=\"1000\" data-animation-direction=\"\"><img decoding=\"async\" src=\"https:\/\/www.fahrschule-schmalfeldt.de\/wp-content\/uploads\/2022\/08\/091a923c.png\" alt=\"\"><\/span>\n              <a href=\"https:\/\/fahrschule-schmalfeldt.de\/?page_id=57\" class=\"u-btn u-button-style u-btn-5\"> Zur Klasse<br>C1 \/ C1E \/ C \/ CE\n              <\/a>\n            <\/div>\n          <\/div>\n          <div class=\"u-black u-border-2 u-border-white u-container-style u-list-item u-repeater-item u-list-item-6\">\n            <div class=\"u-container-layout u-similar-container u-valign-bottom u-container-layout-6\"><span class=\"u-file-icon u-hover-feature u-icon u-icon-6\" data-animation-out=\"1\" data-animation-name=\"zoomIn\" data-animation-duration=\"1000\" data-animation-direction=\"\"><img decoding=\"async\" src=\"https:\/\/www.fahrschule-schmalfeldt.de\/wp-content\/uploads\/2022\/08\/d21d518e.png\" alt=\"\"><\/span>\n              <a href=\"https:\/\/fahrschule-schmalfeldt.de\/?page_id=50\" class=\"u-btn u-button-style u-btn-6\">Zur Klasse<br>L \/ T\n              <\/a>\n            <\/div>\n          <\/div>\n        <\/div>\n      <\/div>\n      \n      \n      \n      \n      \n      \n    <\/section>\n    \n    \n    \n    \n  \n","protected":false},"excerpt":{"rendered":"<p>Impressum Angaben gem\u00e4\u00df \u00a7 5 TMG:Fahrschule Jens SchmalfeldtWaldweg 1349757 WerlteVertreten durch:Jens Schmalfeldt Kontakt:Telefon:05951-99 44 322Telefax:05951-4451EMail:info@fahrschule-schmalfeldt.de Technische RealisierungIT Plaggenborgwww.it-plaggenborg.de Verantwortlich f\u00fcr den Inhalt nach \u00a7 55 Abs. 2 RStV:Jens Schmalfeldt Die Europ\u00e4ische Kommission stellt eine Plattform zur Online-Streitbeilegung (OS) bereit:&nbsp;http:\/\/ec.europa.eu\/consumers\/odr Unsere E-MailAdresse finden Sie oben im Impressum.&nbsp; Quellenangaben f\u00fcr die verwendeten Bilder und Grafiken:Adobe Stock &#8211; &hellip; <a href=\"https:\/\/www.fahrschule-schmalfeldt.de\/?page_id=47\" class=\"more-link\">Continue reading<span class=\"screen-reader-text\"> &#8222;Impressum&#8220;<\/span><\/a><\/p>\n","protected":false},"author":1,"featured_media":0,"parent":0,"menu_order":2,"comment_status":"closed","ping_status":"closed","template":"","meta":{"footnotes":""},"class_list":["post-47","page","type-page","status-publish","hentry"],"_links":{"self":[{"href":"https:\/\/www.fahrschule-schmalfeldt.de\/index.php?rest_route=\/wp\/v2\/pages\/47","targetHints":{"allow":["GET"]}}],"collection":[{"href":"https:\/\/www.fahrschule-schmalfeldt.de\/index.php?rest_route=\/wp\/v2\/pages"}],"about":[{"href":"https:\/\/www.fahrschule-schmalfeldt.de\/index.php?rest_route=\/wp\/v2\/types\/page"}],"author":[{"embeddable":true,"href":"https:\/\/www.fahrschule-schmalfeldt.de\/index.php?rest_route=\/wp\/v2\/users\/1"}],"replies":[{"embeddable":true,"href":"https:\/\/www.fahrschule-schmalfeldt.de\/index.php?rest_route=%2Fwp%2Fv2%2Fcomments&post=47"}],"version-history":[{"count":1,"href":"https:\/\/www.fahrschule-schmalfeldt.de\/index.php?rest_route=\/wp\/v2\/pages\/47\/revisions"}],"predecessor-version":[{"id":66,"href":"https:\/\/www.fahrschule-schmalfeldt.de\/index.php?rest_route=\/wp\/v2\/pages\/47\/revisions\/66"}],"wp:attachment":[{"href":"https:\/\/www.fahrschule-schmalfeldt.de\/index.php?rest_route=%2Fwp%2Fv2%2Fmedia&parent=47"}],"curies":[{"name":"wp","href":"https:\/\/api.w.org\/{rel}","templated":true}]}}